{"id":131,"date":"2026-03-22T15:19:51","date_gmt":"2026-03-22T14:19:51","guid":{"rendered":"https:\/\/walter-koenig.hr\/web\/?page_id=131"},"modified":"2026-03-31T07:42:42","modified_gmt":"2026-03-31T05:42:42","slug":"historie-der-walter-koenig-croatia-d-o-o","status":"publish","type":"page","link":"https:\/\/walter-koenig.hr\/de\/historie-der-walter-koenig-croatia-d-o-o\/","title":{"rendered":"Historie der Walter K\u00f6nig Croatia d.o.o."},"content":{"rendered":"<p>Ende 2020 wurde die Walter K\u00f6nig Croatia d.o.o. gegr\u00fcndet (damals im Alleinbesitz der Walter K\u00f6nig GmbH). <\/p>\n<p>Die Walter K\u00f6nig Croatia d.o.o. f\u00fchrte die Gesch\u00e4ftsprinzipien der Muttergesellschaft Walter K\u00f6nig GmbH fort, die diese ihren Kunden seit 1980 bietet: Komplettl\u00f6sungen unter einem Dach \u2013 von der Planung bis zum fertigen Produkt. H\u00f6chste Qualit\u00e4t und professionelle, individuelle Beratung stehen bei uns an erster Stelle. In enger Zusammenarbeit mit unseren Kunden entwickeln und fertigen wir Teile aller Art, von Basiskomponenten bis hin zu komplexen Baugruppen. Wir verarbeiten nahezu alle g\u00e4ngigen Metalle in Blech.<\/p>\n<p>Wir garantieren unseren Kunden eine gro\u00dfe Fertigungstiefe bei gleichzeitig kurzen Durchlaufzeiten. Ob Einzelteile oder Serienfertigung \u2013 wir unterst\u00fctzen Sie mit unserer umfassenden Expertise im gesamten Produktionsprozess.<\/p>\n<p>Die wichtigsten Daten:<\/p>\n<ul>\n<li>1980 &#8211; Gr\u00fcndung der Walter K\u00f6nig GmbH<\/li>\n<li>1980-2025 &#8211; Entwicklung der Metallproduktion und -verarbeitung an den Standorten Hochdorf und Reichenbach: Anschaffung der ersten Abkantpresse (1987), Einf\u00fchrung der Laserschneidtechnologie (1991), Wiederaufnahme der Blechproduktion von Traub GmbH (1997), Inbetriebnahme der Pulverbeschichtungsanlage (1998), Anschaffung eines Schwei\u00dfroboters (2007)&#8230;<\/li>\n<\/ul>\n<p>Die wichtigsten Informationen zu Walter K\u00f6nig Croatia d.o.o. :<\/p>\n<ul>\n<li>2020 &#8211; Gr\u00fcndung des Unternehmens Walter K\u00f6nig Croatia d.o.o. in Vukovar, Kroatien<\/li>\n<li>2021 &#8211; Anschaffung einer TruLaser 3030 und TruLaser 3030 mit TruStore 1030<\/li>\n<li>2021 &#8211; Zertifizierung nach DIN EN ISO 3834<\/li>\n<li>2025 \u2013 Anschaffung einer CLOOS Roboterschwei\u00dfmaschine<\/li>\n<\/ul>\n","protected":false},"excerpt":{"rendered":"<p>Ende 2020 wurde die Walter K\u00f6nig Croatia d.o.o. gegr\u00fcndet (damals im Alleinbesitz der Walter K\u00f6nig GmbH). Die Walter K\u00f6nig Croatia d.o.o. f\u00fchrte die Gesch\u00e4ftsprinzipien der Muttergesellschaft Walter K\u00f6nig GmbH fort, die diese ihren Kunden seit 1980 bietet: Komplettl\u00f6sungen unter einem Dach \u2013 von der Planung bis zum fertigen Produkt. H\u00f6chste Qualit\u00e4t und professionelle, individuelle Beratung [&hellip;]<\/p>\n","protected":false},"author":1,"featured_media":186,"parent":0,"menu_order":0,"comment_status":"closed","ping_status":"closed","template":"","meta":{"footnotes":""},"class_list":["post-131","page","type-page","status-publish","has-post-thumbnail","czr-hentry"],"_links":{"self":[{"href":"https:\/\/walter-koenig.hr\/de\/wp-json\/wp\/v2\/pages\/131","targetHints":{"allow":["GET"]}}],"collection":[{"href":"https:\/\/walter-koenig.hr\/de\/wp-json\/wp\/v2\/pages"}],"about":[{"href":"https:\/\/walter-koenig.hr\/de\/wp-json\/wp\/v2\/types\/page"}],"author":[{"embeddable":true,"href":"https:\/\/walter-koenig.hr\/de\/wp-json\/wp\/v2\/users\/1"}],"replies":[{"embeddable":true,"href":"https:\/\/walter-koenig.hr\/de\/wp-json\/wp\/v2\/comments?post=131"}],"version-history":[{"count":11,"href":"https:\/\/walter-koenig.hr\/de\/wp-json\/wp\/v2\/pages\/131\/revisions"}],"predecessor-version":[{"id":1592,"href":"https:\/\/walter-koenig.hr\/de\/wp-json\/wp\/v2\/pages\/131\/revisions\/1592"}],"wp:featuredmedia":[{"embeddable":true,"href":"https:\/\/walter-koenig.hr\/de\/wp-json\/wp\/v2\/media\/186"}],"wp:attachment":[{"href":"https:\/\/walter-koenig.hr\/de\/wp-json\/wp\/v2\/media?parent=131"}],"curies":[{"name":"wp","href":"https:\/\/api.w.org\/{rel}","templated":true}]}}

Historie der Walter König Croatia d.o.o.

<p>Ende 2020 wurde die Walter König Croatia d.o.o. gegründet (damals im Alleinbesitz der Walter König GmbH). </p>
<p>Die Walter König Croatia d.o.o. führte die Geschäftsprinzipien der Muttergesellschaft Walter König GmbH fort, die diese ihren Kunden seit 1980 bietet: Komplettlösungen unter einem Dach – von der Planung bis zum fertigen Produkt. Höchste Qualität und professionelle, individuelle Beratung stehen bei uns an erster Stelle. In enger Zusammenarbeit mit unseren Kunden entwickeln und fertigen wir Teile aller Art, von Basiskomponenten bis hin zu komplexen Baugruppen. Wir verarbeiten nahezu alle gängigen Metalle in Blech.</p>
<p>Wir garantieren unseren Kunden eine große Fertigungstiefe bei gleichzeitig kurzen Durchlaufzeiten. Ob Einzelteile oder Serienfertigung – wir unterstützen Sie mit unserer umfassenden Expertise im gesamten Produktionsprozess.</p>
<p>Die wichtigsten Daten:</p>
<ul>
<li>1980 &#8211; Gründung der Walter König GmbH</li>
<li>1980-2025 &#8211; Entwicklung der Metallproduktion und -verarbeitung an den Standorten Hochdorf und Reichenbach: Anschaffung der ersten Abkantpresse (1987), Einführung der Laserschneidtechnologie (1991), Wiederaufnahme der Blechproduktion von Traub GmbH (1997), Inbetriebnahme der Pulverbeschichtungsanlage (1998), Anschaffung eines Schweißroboters (2007)&#8230;</li>
</ul>
<p>Die wichtigsten Informationen zu Walter König Croatia d.o.o. :</p>
<ul>
<li>2020 &#8211; Gründung des Unternehmens Walter König Croatia d.o.o. in Vukovar, Kroatien</li>
<li>2021 &#8211; Anschaffung einer TruLaser 3030 und TruLaser 3030 mit TruStore 1030</li>
<li>2021 &#8211; Zertifizierung nach DIN EN ISO 3834</li>
<li>2025 – Anschaffung einer CLOOS Roboterschweißmaschine</li>
</ul>

<p>Ende 2020 wurde die Walter König Croatia d.o.o. gegründet (damals im Alleinbesitz der Walter König GmbH). Die Walter König Croatia d.o.o. führte die Geschäftsprinzipien der Muttergesellschaft Walter König GmbH fort, die diese ihren Kunden seit 1980 bietet: Komplettlösungen unter einem Dach – von der Planung bis zum fertigen Produkt. Höchste Qualität und professionelle, individuelle Beratung [&hellip;]</p>
